{"id":108,"date":"2023-09-03T21:37:54","date_gmt":"2023-09-03T20:37:54","guid":{"rendered":"https:\/\/zukunftsforschende.de\/?page_id=108"},"modified":"2023-09-03T21:37:54","modified_gmt":"2023-09-03T20:37:54","slug":"quellen-und-weitere-informationen","status":"publish","type":"page","link":"https:\/\/zukunftsforschende.de\/index.php\/quellen-und-weitere-informationen\/","title":{"rendered":"Quellen und weitere Informationen"},"content":{"rendered":"\n<p><strong>Tests digitale Kompetenzen:<\/strong><\/p>\n\n\n\n<ul class=\"wp-block-list\">\n<li><a href=\"https:\/\/digitale-kompetenzrad.de\/\" target=\"_blank\" rel=\"noreferrer noopener\">Das digitale Kompetenzrad<\/a><\/li>\n\n\n\n<li><a href=\"https:\/\/europa.eu\/europass\/digitalskills\/screen\/home?referrer=eportfolio&amp;lang=de&amp;route=%252Fscreen%252Fmy-skills%253Flang%253Dde%2523assessments\" target=\"_blank\" rel=\"noreferrer noopener\">Digital Skills Assessment Tool (europa.eu)<\/a><\/li>\n<\/ul>\n\n\n\n<p><strong>Literatur:<\/strong><\/p>\n\n\n\n<ul class=\"wp-block-list\">\n<li><a href=\"https:\/\/www.lionsandbees.com\/2019\/09\/27\/digital-skills\/\" target=\"_blank\" rel=\"noreferrer noopener\">https:\/\/www.lionsandbees.com\/2019\/09\/27\/digital-skills\/<\/a><\/li>\n\n\n\n<li><a href=\"https:\/\/www.hochschulbildungsreport2020.de\/2019\/welche-faehigkeiten-werden-in-zukunft-benoetigt\" target=\"_blank\" rel=\"noreferrer noopener\">https:\/\/www.hochschulbildungsreport2020.de\/2019\/welche-faehigkeiten-werden-in-zukunft-benoetigt<\/a><\/li>\n\n\n\n<li>Digitale Kompetenzen f\u00fcr Lehrende und Lernende (Eva Ortmann-Welp, Springer Verlag: <a href=\"https:\/\/link.springer.com\/article\/10.1007\/s41906-021-0999-5\" target=\"_blank\" rel=\"noreferrer noopener\">https:\/\/link.springer.com\/article\/10.1007\/s41906-021-0999- <span><a href=\"javascript:\"><img decoding=\"async\" identifier=\"10.1007\/s41906-021-0999-\" identifiertype=\"1\" title=\"Titel anhand dieser DOI in Citavi-Projekt \u00fcbernehmen\" existsinproject=\"0\" class=\"citavipicker\" style=\"border: 0px none!important;width: 16px!important;height: 16px!important;margin-left:1px !important;margin-right:1px !important;\" src=\"data:image\/svg+xml;base64,PD94bWwgdmVyc2lvbj0iMS4wIiBlbmNvZGluZz0idXRmLTgiPz48IURPQ1RZUEUgc3ZnIFBVQkxJQyAiLS8vVzNDLy9EVEQgU1ZHIDEuMS8vRU4iICJodHRwOi8vd3d3LnczLm9yZy9HcmFwaGljcy9TVkcvMS4xL0RURC9zdmcxMS5kdGQiPjxzdmcgdmVyc2lvbj0iMS4xIiBpZD0iRWJlbmVfMSIgeG1sbnM9Imh0dHA6Ly93d3cudzMub3JnLzIwMDAvc3ZnIiB4bWxuczp4bGluaz0iaHR0cDovL3d3dy53My5vcmcvMTk5OS94bGluayIgeD0iMHB4IiB5PSIwcHgiIHdpZHRoPSIxNnB4IiBoZWlnaHQ9IjE2cHgiIHZpZXdCb3g9IjAgMCAxNiAxNiIgZW5hYmxlLWJhY2tncm91bmQ9Im5ldyAwIDAgMTYgMTYiIHhtbDpzcGFjZT0icHJlc2VydmUiPjxnPjxnPjxwYXRoIGZpbGw9IiNGRkZGRkYiIGQ9Ik04LjAwMSwxNS41QzMuODY0LDE1LjUsMC41LDEyLjEzNiwwLjUsOGMwLTQuMTM1LDMuMzY1LTcuNSw3LjUwMS03LjVTMTUuNSwzLjg2NCwxNS41LDhTMTIuMTM3LDE1LjUsOC4wMDEsMTUuNXoiLz48cGF0aCBmaWxsPSIjRDUyQjFFIiBkPSJNOC4wMDEsMUMxMS44NiwxLDE1LDQuMTQxLDE1LDhzLTMuMTM5LDctNi45OTksN0M0LjE0LDE1LDEsMTEuODU5LDEsOFM0LjE0LDEsOC4wMDEsMSBNOC4wMDEsMEMzLjU4MiwwLDAsMy41ODIsMCw4czMuNTgyLDgsOC4wMDEsOEMxMi40MTgsMTYsMTYsMTIuNDE4LDE2LDhTMTIuNDE4LDAsOC4wMDEsMEw4LjAwMSwweiIvPjwvZz48cGF0aCBmaWxsPSIjRDUyQjFFIiBkPSJNNi43NDUsMTIuNTg5Yy0wLjIyNywwLjEyMi0wLjQ5NywwLjI0Ny0wLjY4NCwwLjI0N2MtMC4zMTgsMC0wLjUwMS0wLjE2NC0wLjUwMS0wLjQ1MmMwLTAuMjA3LDAuMTQtMC4zNzUsMC41OTUtMC42MjJjMS41NDktMC45MDQsMi41OTQtMi4yNzIsMi41OTQtMy43MjFjMC0wLjgyNS0wLjIyNy0xLjExOS0wLjY4MS0xLjExOWMtMC4xMzUsMC0wLjMyLDAuMjE5LTAuNjM2LDAuMjE5SDcuMTU3QzYuMTAyLDcuMTQzLDUuMzMzLDYuMjY0LDUuMzMzLDUuMjNjMC0xLjE1MiwwLjk1OC0yLjAwNiwyLjI4LTIuMDA2YzEuNzc3LDAsMy4wNTMsMS4zNzMsMy4wNTMsMy40M0MxMC42NjYsOS4yMTUsOS4yMDMsMTEuMjcsNi43NDUsMTIuNTg5Ii8+PC9nPjwvc3ZnPg\"><\/a><\/span> <\/a><a href=\"javascript:\"><\/a>5 )<\/li>\n\n\n\n<li>Globale Kommunikation und Kollaboration (Klaus-Dieter Gronwald, Springer Verlag: <a href=\"https:\/\/sisis.rz.htw-berlin.de\/search?bvnr=BV048894916\" target=\"_blank\" rel=\"noreferrer noopener\">webOPAC der HTW<\/a> )<\/li>\n\n\n\n<li>&#8222;Virtual Skills Lab&#8220; \u2013 Transdisziplin\u00e4res Forschen zur Vermittlung sozialer Kompetenzen im digitalen Wandel (Klaus Neundlinger, Transcript: <a href=\"https:\/\/sisis.rz.htw-berlin.de\/search?bvnr=BV048505002\" target=\"_blank\" rel=\"noreferrer noopener\">webOPAC der HTW<\/a> )<\/li>\n\n\n\n<li>Erfolgreich in die F\u00fchrungsposition (Reiner Br\u00f6ckermann, Sch\u00e4ffer-Poeschel Verlag f\u00fcr Wirtschaft Steuern Recht: <a href=\"https:\/\/sisis.rz.htw-berlin.de\/search?bvnr=BV048920029\" target=\"_blank\" rel=\"noreferrer noopener\">webOPAC der HTW<\/a> )<\/li>\n\n\n\n<li>Kompetenzen von Mitarbeiterinnen und Mitarbeitern in der digitalisierten Arbeitswelt (Springer Fachmedien: <a href=\"https:\/\/sisis.rz.htw-berlin.de\/search?bvnr=BV047887739\" target=\"_blank\" rel=\"noreferrer noopener\">webOPAC der HTW<\/a> )<\/li>\n\n\n\n<li>Agiles Lernen (Nele Graf, Haufe Verlag: <a href=\"https:\/\/sisis.rz.htw-berlin.de\/search?bvnr=BV044276513\" target=\"_blank\" rel=\"noreferrer noopener\">webOPAC der HTW<\/a> )<\/li>\n\n\n\n<li><a href=\"https:\/\/www.hep-verlag.de\/sites\/999193.buchhandelsweb2.de\/files\/preview\/digitalekompetenz.pdf\" target=\"_blank\" rel=\"noreferrer noopener\">https:\/\/www.hep-verlag.de\/sites\/999193.buchhandelsweb2.de\/files\/preview\/digitalekompetenz.pdf<\/a><\/li>\n\n\n\n<li><a href=\"https:\/\/link.springer.com\/article\/10.1007\/s41906-021-0999-5\">https:\/\/erwachsenenbildung.at\/magazin\/22-44u45\/09_alberti_<\/a><a href=\"https:\/\/erwachsenenbildung.at\/magazin\/22-44u45\/09_alberti_strauch_brandt.pdf\" target=\"_blank\" rel=\"noreferrer noopener\">strauch_brandt.pdf<\/a><\/li>\n\n\n\n<li><a href=\"https:\/\/www.dji.de\/fileadmin\/user_upload\/5_kompetenznachweis\/KB_Kompetenzliste_281206.pdf\" target=\"_blank\" rel=\"noreferrer noopener\">https:\/\/www.dji.de\/fileadmin\/user_upload\/5_kompetenznachweis\/KB_Kompetenzliste_281206.pdf<\/a><\/li>\n\n\n\n<li><a href=\"http:\/\/www.dblernen.de\/doc_pe\/Kompetenzreflektor_%20Analyse%20und%20Bewertung%20von%20arbeitsbezogener%20Kompetenzen.pdf\" target=\"_blank\" rel=\"noreferrer noopener\">http:\/\/www.dblernen.de\/doc_pe\/Kompetenzreflektor_ Analyse und Bewertung von arbeitsbezogener Kompetenzen.pdf<\/a><\/li>\n<\/ul>\n\n\n\n<p><strong>Webseiten:<\/strong><\/p>\n\n\n\n<ul class=\"wp-block-list\">\n<li><a href=\"https:\/\/wb-web.de\/aktuelles\/wie-kann-man-kompetenzen-erwerben-die-zukunft-des-lernens-folge-4.html\" target=\"_blank\" rel=\"noreferrer noopener\">Wie kann man Kompetenzen erwerben? Die Zukunft des Lernens Folge 4<\/a><\/li>\n\n\n\n<li><a href=\"https:\/\/de.indeed.com\/lead\/kompetenzentwicklung-ein-leitfaden?gclid=CjwKCAjwm4ukBhAuEiwA0zQxk8gNX14uY1dlpkDmAWDC9qdQMSVedy8cU_uyi2Tr33fiS8IbUjiJfBoCuokQAvD_BwE\" target=\"_blank\" rel=\"noreferrer noopener\">Kompetenzentwicklung: ein Leitfaden<\/a><\/li>\n\n\n\n<li><a href=\"https:\/\/www.brunel.net\/de-at\/karriere-lexikon\/soft-skills\" target=\"_blank\" rel=\"noreferrer noopener\">Soft Skills | Gute \u00dcbersicht wichtiger Eigenschaften<\/a><\/li>\n\n\n\n<li><a href=\"https:\/\/karrierebibel.de\/schluesselkompetenzen\/\" target=\"_blank\" rel=\"noreferrer noopener\">Schl\u00fcsselkompetenzen: Diese 4 sind entscheidend im Job<\/a><\/li>\n\n\n\n<li><a href=\"https:\/\/www.clevis.de\/ratgeber\/kompetenzanalyse\/\" target=\"_blank\" rel=\"noreferrer noopener\">Kompetenzanalyse: Definition, Anwendung, Ziele &amp; Tools | CLEVIS<\/a><\/li>\n\n\n\n<li><a href=\"https:\/\/muenchen.digital\/blog\/digitale-kompetenzen-steigern\/\" target=\"_blank\" rel=\"noreferrer noopener\">Wie Digitale Kompetenzen gesteigert werden k\u00f6nnen<\/a><\/li>\n\n\n\n<li><a href=\"https:\/\/www.blink.it\/blog\/digitale-kompetenz-selbsteinschaetzung\" target=\"_blank\" rel=\"noreferrer noopener\">Wie steht es um deine digitale Kompetenz?<\/a><\/li>\n<\/ul>\n","protected":false},"excerpt":{"rendered":"<p>Tests digitale Kompetenzen: Literatur: Webseiten:<\/p>\n","protected":false},"author":1,"featured_media":0,"parent":0,"menu_order":0,"comment_status":"closed","ping_status":"closed","template":"","meta":{"_uag_custom_page_level_css":"","site-sidebar-layout":"default","site-content-layout":"","ast-site-content-layout":"default","site-content-style":"default","site-sidebar-style":"default","ast-global-header-display":"","ast-banner-title-visibility":"","ast-main-header-display":"","ast-hfb-above-header-display":"","ast-hfb-below-header-display":"","ast-hfb-mobile-header-display":"","site-post-title":"","ast-breadcrumbs-content":"","ast-featured-img":"","footer-sml-layout":"","ast-disable-related-posts":"","theme-transparent-header-meta":"","adv-header-id-meta":"","stick-header-meta":"","header-above-stick-meta":"","header-main-stick-meta":"","header-below-stick-meta":"","astra-migrate-meta-layouts":"set","ast-page-background-enabled":"default","ast-page-background-meta":{"desktop":{"background-color":"","background-image":"","background-repeat":"repeat","background-position":"center center","background-size":"auto","background-attachment":"scroll","background-type":"","background-media":"","overlay-type":"","overlay-color":"","overlay-opacity":"","overlay-gradient":""},"tablet":{"background-color":"","background-image":"","background-repeat":"repeat","background-position":"center center","background-size":"auto","background-attachment":"scroll","background-type":"","background-media":"","overlay-type":"","overlay-color":"","overlay-opacity":"","overlay-gradient":""},"mobile":{"background-color":"","background-image":"","background-repeat":"repeat","background-position":"center center","background-size":"auto","background-attachment":"scroll","background-type":"","background-media":"","overlay-type":"","overlay-color":"","overlay-opacity":"","overlay-gradient":""}},"ast-content-background-meta":{"desktop":{"background-color":"var(--ast-global-color-5)","background-image":"","background-repeat":"repeat","background-position":"center center","background-size":"auto","background-attachment":"scroll","background-type":"","background-media":"","overlay-type":"","overlay-color":"","overlay-opacity":"","overlay-gradient":""},"tablet":{"background-color":"var(--ast-global-color-5)","background-image":"","background-repeat":"repeat","background-position":"center center","background-size":"auto","background-attachment":"scroll","background-type":"","background-media":"","overlay-type":"","overlay-color":"","overlay-opacity":"","overlay-gradient":""},"mobile":{"background-color":"var(--ast-global-color-5)","background-image":"","background-repeat":"repeat","background-position":"center center","background-size":"auto","background-attachment":"scroll","background-type":"","background-media":"","overlay-type":"","overlay-color":"","overlay-opacity":"","overlay-gradient":""}},"footnotes":""},"class_list":["post-108","page","type-page","status-publish","hentry"],"uagb_featured_image_src":{"full":false,"thumbnail":false,"medium":false,"medium_large":false,"large":false,"1536x1536":false,"2048x2048":false},"uagb_author_info":{"display_name":"admin","author_link":"https:\/\/zukunftsforschende.de\/index.php\/author\/rene_1vobrsi7\/"},"uagb_comment_info":0,"uagb_excerpt":"Tests digitale Kompetenzen: Literatur: Webseiten:","_links":{"self":[{"href":"https:\/\/zukunftsforschende.de\/index.php\/wp-json\/wp\/v2\/pages\/108","targetHints":{"allow":["GET"]}}],"collection":[{"href":"https:\/\/zukunftsforschende.de\/index.php\/wp-json\/wp\/v2\/pages"}],"about":[{"href":"https:\/\/zukunftsforschende.de\/index.php\/wp-json\/wp\/v2\/types\/page"}],"author":[{"embeddable":true,"href":"https:\/\/zukunftsforschende.de\/index.php\/wp-json\/wp\/v2\/users\/1"}],"replies":[{"embeddable":true,"href":"https:\/\/zukunftsforschende.de\/index.php\/wp-json\/wp\/v2\/comments?post=108"}],"version-history":[{"count":1,"href":"https:\/\/zukunftsforschende.de\/index.php\/wp-json\/wp\/v2\/pages\/108\/revisions"}],"predecessor-version":[{"id":109,"href":"https:\/\/zukunftsforschende.de\/index.php\/wp-json\/wp\/v2\/pages\/108\/revisions\/109"}],"wp:attachment":[{"href":"https:\/\/zukunftsforschende.de\/index.php\/wp-json\/wp\/v2\/media?parent=108"}],"curies":[{"name":"wp","href":"https:\/\/api.w.org\/{rel}","templated":true}]}}